{"version":"1.0","provider_name":"BUOD","provider_url":"https:\/\/buod.de\/de","title":"Br\u00fcsseler Kampagne gegen Ungarn + Gespr\u00e4ch mit Staatspr\u00e4sident Sulyok - BUOD","type":"rich","width":600,"height":338,"html":"<blockquote class=\"wp-embedded-content\" data-secret=\"4Pp6dtAGet\"><a href=\"https:\/\/buod.de\/de\/brusseler-kampagne-gegen-ungarn-gesprach-mit-staatsprasident-sulyok\/\">Br\u00fcsseler Kampagne gegen Ungarn + Gespr\u00e4ch mit Staatspr\u00e4sident Sulyok<\/a><\/blockquote><iframe sandbox=\"allow-scripts\" security=\"restricted\" src=\"https:\/\/buod.de\/de\/brusseler-kampagne-gegen-ungarn-gesprach-mit-staatsprasident-sulyok\/embed\/#?secret=4Pp6dtAGet\" width=\"600\" height=\"338\" title=\"&#8220;Br\u00fcsseler Kampagne gegen Ungarn + Gespr\u00e4ch mit Staatspr\u00e4sident Sulyok&#8221; &#8212; BUOD\" data-secret=\"4Pp6dtAGet\" frameborder=\"0\" marginwidth=\"0\" marginheight=\"0\" scrolling=\"no\" class=\"wp-embedded-content\"><\/iframe><script type=\"text\/javascript\">\n\/* <![CDATA[ *\/\n\/*! This file is auto-generated *\/\n!function(d,l){\"use strict\";l.querySelector&&d.addEventListener&&\"undefined\"!=typeof URL&&(d.wp=d.wp||{},d.wp.receiveEmbedMessage||(d.wp.receiveEmbedMessage=function(e){var t=e.data;if((t||t.secret||t.message||t.value)&&!\/[^a-zA-Z0-9]\/.test(t.secret)){for(var s,r,n,a=l.querySelectorAll('iframe[data-secret=\"'+t.secret+'\"]'),o=l.querySelectorAll('blockquote[data-secret=\"'+t.secret+'\"]'),c=new RegExp(\"^https?:$\",\"i\"),i=0;i<o.length;i++)o[i].style.display=\"none\";for(i=0;i<a.length;i++)s=a[i],e.source===s.contentWindow&&(s.removeAttribute(\"style\"),\"height\"===t.message?(1e3<(r=parseInt(t.value,10))?r=1e3:~~r<200&&(r=200),s.height=r):\"link\"===t.message&&(r=new URL(s.getAttribute(\"src\")),n=new URL(t.value),c.test(n.protocol))&&n.host===r.host&&l.activeElement===s&&(d.top.location.href=t.value))}},d.addEventListener(\"message\",d.wp.receiveEmbedMessage,!1),l.addEventListener(\"DOMContentLoaded\",function(){for(var e,t,s=l.querySelectorAll(\"iframe.wp-embedded-content\"),r=0;r<s.length;r++)(t=(e=s[r]).getAttribute(\"data-secret\"))||(t=Math.random().toString(36).substring(2,12),e.src+=\"#?secret=\"+t,e.setAttribute(\"data-secret\",t)),e.contentWindow.postMessage({message:\"ready\",secret:t},\"*\")},!1)))}(window,document);\n\/\/# sourceURL=https:\/\/buod.de\/wp-includes\/js\/wp-embed.min.js\n\/* ]]> *\/\n<\/script>","description":"An die Mitglieder und Freunde der Deutsch-Ungarischen Gesellschaft in der Bundesrepublik Deutschland e.V. Sehr geehrte Damen und Herren, leider erleben wir in diesen Tagen wieder einmal eine gezielte Stimmungsmache gegen Ungarn, vor allem aus Br\u00fcssel. Leider sind es wieder einmal deutsche Europaabgeordnete, die diese Kampagne anheizen. Auf Initiative des Gr\u00fcnen Daniel Freund hat eine Gruppe [&hellip;]","thumbnail_url":"https:\/\/buod.de\/wp-content\/uploads\/2025\/05\/Gesprach-mit-Prasident-Sulyok.jpg","thumbnail_width":1228,"thumbnail_height":1336}

Brüsseler Kampagne gegen Ungarn + Gespräch mit Staatspräsident Sulyok - BUOD

<blockquote class="wp-embedded-content" data-secret="4Pp6dtAGet"><a href="https://buod.de/de/brusseler-kampagne-gegen-ungarn-gesprach-mit-staatsprasident-sulyok/">Brüsseler Kampagne gegen Ungarn + Gespräch mit Staatspräsident Sulyok</a></blockquote><iframe sandbox="allow-scripts" security="restricted" src="https://buod.de/de/brusseler-kampagne-gegen-ungarn-gesprach-mit-staatsprasident-sulyok/embed/#?secret=4Pp6dtAGet" width="600" height="338" title="&#8220;Brüsseler Kampagne gegen Ungarn + Gespräch mit Staatspräsident Sulyok&#8221; &#8212; BUOD" data-secret="4Pp6dtAGet" frameborder="0" marginwidth="0" marginheight="0" scrolling="no" class="wp-embedded-content"></iframe><script type="text/javascript">
/* <![CDATA[ */
/*! This file is auto-generated */
!function(d,l){"use strict";l.querySelector&&d.addEventListener&&"undefined"!=typeof URL&&(d.wp=d.wp||{},d.wp.receiveEmbedMessage||(d.wp.receiveEmbedMessage=function(e){var t=e.data;if((t||t.secret||t.message||t.value)&&!/[^a-zA-Z0-9]/.test(t.secret)){for(var s,r,n,a=l.querySelectorAll('iframe[data-secret="'+t.secret+'"]'),o=l.querySelectorAll('blockquote[data-secret="'+t.secret+'"]'),c=new RegExp("^https?:$","i"),i=0;i<o.length;i++)o[i].style.display="none";for(i=0;i<a.length;i++)s=a[i],e.source===s.contentWindow&&(s.removeAttribute("style"),"height"===t.message?(1e3<(r=parseInt(t.value,10))?r=1e3:~~r<200&&(r=200),s.height=r):"link"===t.message&&(r=new URL(s.getAttribute("src")),n=new URL(t.value),c.test(n.protocol))&&n.host===r.host&&l.activeElement===s&&(d.top.location.href=t.value))}},d.addEventListener("message",d.wp.receiveEmbedMessage,!1),l.addEventListener("DOMContentLoaded",function(){for(var e,t,s=l.querySelectorAll("iframe.wp-embedded-content"),r=0;r<s.length;r++)(t=(e=s[r]).getAttribute("data-secret"))||(t=Math.random().toString(36).substring(2,12),e.src+="#?secret="+t,e.setAttribute("data-secret",t)),e.contentWindow.postMessage({message:"ready",secret:t},"*")},!1)))}(window,document);
//# sourceURL=https://buod.de/wp-includes/js/wp-embed.min.js
/* ]]> */
</script>

An die Mitglieder und Freunde der Deutsch-Ungarischen Gesellschaft in der Bundesrepublik Deutschland e.V. Sehr geehrte Damen und Herren, leider erleben wir in diesen Tagen wieder einmal eine gezielte Stimmungsmache gegen Ungarn, vor allem aus Brüssel. Leider sind es wieder einmal deutsche Europaabgeordnete, die diese Kampagne anheizen. Auf Initiative des Grünen Daniel Freund hat eine Gruppe [&hellip;]
