{"version":"1.0","provider_name":"BUOD","provider_url":"https:\/\/buod.de\/de","title":"Cserh\u00e1ti Ferenc \/ Kossuth R\u00e1di\u00f3 2023. j\u00falius 25. - BUOD","type":"rich","width":600,"height":338,"html":"<blockquote class=\"wp-embedded-content\" data-secret=\"NsJjiVyTAc\"><a href=\"https:\/\/buod.de\/de\/cserhati-ferenc-kossuth-radio-2023-julius-25\/\">Cserh\u00e1ti Ferenc \/ Kossuth R\u00e1di\u00f3 2023. j\u00falius 25.<\/a><\/blockquote><iframe sandbox=\"allow-scripts\" security=\"restricted\" src=\"https:\/\/buod.de\/de\/cserhati-ferenc-kossuth-radio-2023-julius-25\/embed\/#?secret=NsJjiVyTAc\" width=\"600\" height=\"338\" title=\"&#8220;Cserh\u00e1ti Ferenc \/ Kossuth R\u00e1di\u00f3 2023. j\u00falius 25.&#8221; &#8212; BUOD\" data-secret=\"NsJjiVyTAc\" frameborder=\"0\" marginwidth=\"0\" marginheight=\"0\" scrolling=\"no\" class=\"wp-embedded-content\"><\/iframe><script type=\"text\/javascript\">\n\/* <![CDATA[ *\/\n\/*! This file is auto-generated *\/\n!function(d,l){\"use strict\";l.querySelector&&d.addEventListener&&\"undefined\"!=typeof URL&&(d.wp=d.wp||{},d.wp.receiveEmbedMessage||(d.wp.receiveEmbedMessage=function(e){var t=e.data;if((t||t.secret||t.message||t.value)&&!\/[^a-zA-Z0-9]\/.test(t.secret)){for(var s,r,n,a=l.querySelectorAll('iframe[data-secret=\"'+t.secret+'\"]'),o=l.querySelectorAll('blockquote[data-secret=\"'+t.secret+'\"]'),c=new RegExp(\"^https?:$\",\"i\"),i=0;i<o.length;i++)o[i].style.display=\"none\";for(i=0;i<a.length;i++)s=a[i],e.source===s.contentWindow&&(s.removeAttribute(\"style\"),\"height\"===t.message?(1e3<(r=parseInt(t.value,10))?r=1e3:~~r<200&&(r=200),s.height=r):\"link\"===t.message&&(r=new URL(s.getAttribute(\"src\")),n=new URL(t.value),c.test(n.protocol))&&n.host===r.host&&l.activeElement===s&&(d.top.location.href=t.value))}},d.addEventListener(\"message\",d.wp.receiveEmbedMessage,!1),l.addEventListener(\"DOMContentLoaded\",function(){for(var e,t,s=l.querySelectorAll(\"iframe.wp-embedded-content\"),r=0;r<s.length;r++)(t=(e=s[r]).getAttribute(\"data-secret\"))||(t=Math.random().toString(36).substring(2,12),e.src+=\"#?secret=\"+t,e.setAttribute(\"data-secret\",t)),e.contentWindow.postMessage({message:\"ready\",secret:t},\"*\")},!1)))}(window,document);\n\/\/# sourceURL=https:\/\/buod.de\/wp-includes\/js\/wp-embed.min.js\n\/* ]]> *\/\n<\/script>","description":"Kedves Mindny\u00e1jan! Cserh\u00e1ti p\u00fcsp\u00f6k \u00far, Feri atya m\u00e9ltat\u00e1sa csak most kezd\u0151d\u00f6tt. M\u00e9g gy\u00e1szoljuk, egyhamar nem t\u00e9r\u00fcnk napirendre elt\u00e1voz\u00e1sa f\u00f6l\u00f6tt, hi\u00e1nyzik. A Kossuth r\u00e1di\u00f3 katolikus egyh\u00e1zi f\u00e9l\u00f3r\u00e1j\u00e1nak mai ad\u00e1s\u00e1ban nemcsak m\u00e9ltatj\u00e1k, de hallhatjuk is Feri aty\u00e1t, ez\u00e9rt k\u00fcld\u00f6m ezt a linket Zolt\u00e1n testv\u00e9rem j\u00f3volt\u00e1b\u00f3l. A Tan\u00faim lesztek j\u00falius 25-i ad\u00e1s\u00e1ra kell kattintani. Ekkor a bal fels\u0151 [&hellip;]"}

Cserháti Ferenc / Kossuth Rádió 2023. július 25. - BUOD

<blockquote class="wp-embedded-content" data-secret="NsJjiVyTAc"><a href="https://buod.de/de/cserhati-ferenc-kossuth-radio-2023-julius-25/">Cserháti Ferenc / Kossuth Rádió 2023. július 25.</a></blockquote><iframe sandbox="allow-scripts" security="restricted" src="https://buod.de/de/cserhati-ferenc-kossuth-radio-2023-julius-25/embed/#?secret=NsJjiVyTAc" width="600" height="338" title="&#8220;Cserháti Ferenc / Kossuth Rádió 2023. július 25.&#8221; &#8212; BUOD" data-secret="NsJjiVyTAc" frameborder="0" marginwidth="0" marginheight="0" scrolling="no" class="wp-embedded-content"></iframe><script type="text/javascript">
/* <![CDATA[ */
/*! This file is auto-generated */
!function(d,l){"use strict";l.querySelector&&d.addEventListener&&"undefined"!=typeof URL&&(d.wp=d.wp||{},d.wp.receiveEmbedMessage||(d.wp.receiveEmbedMessage=function(e){var t=e.data;if((t||t.secret||t.message||t.value)&&!/[^a-zA-Z0-9]/.test(t.secret)){for(var s,r,n,a=l.querySelectorAll('iframe[data-secret="'+t.secret+'"]'),o=l.querySelectorAll('blockquote[data-secret="'+t.secret+'"]'),c=new RegExp("^https?:$","i"),i=0;i<o.length;i++)o[i].style.display="none";for(i=0;i<a.length;i++)s=a[i],e.source===s.contentWindow&&(s.removeAttribute("style"),"height"===t.message?(1e3<(r=parseInt(t.value,10))?r=1e3:~~r<200&&(r=200),s.height=r):"link"===t.message&&(r=new URL(s.getAttribute("src")),n=new URL(t.value),c.test(n.protocol))&&n.host===r.host&&l.activeElement===s&&(d.top.location.href=t.value))}},d.addEventListener("message",d.wp.receiveEmbedMessage,!1),l.addEventListener("DOMContentLoaded",function(){for(var e,t,s=l.querySelectorAll("iframe.wp-embedded-content"),r=0;r<s.length;r++)(t=(e=s[r]).getAttribute("data-secret"))||(t=Math.random().toString(36).substring(2,12),e.src+="#?secret="+t,e.setAttribute("data-secret",t)),e.contentWindow.postMessage({message:"ready",secret:t},"*")},!1)))}(window,document);
//# sourceURL=https://buod.de/wp-includes/js/wp-embed.min.js
/* ]]> */
</script>

Kedves Mindnyájan! Cserháti püspök úr, Feri atya méltatása csak most kezdődött. Még gyászoljuk, egyhamar nem térünk napirendre eltávozása fölött, hiányzik. A Kossuth rádió katolikus egyházi félórájának mai adásában nemcsak méltatják, de hallhatjuk is Feri atyát, ezért küldöm ezt a linket Zoltán testvérem jóvoltából. A Tanúim lesztek július 25-i adására kell kattintani. Ekkor a bal felső [&hellip;]
