{"version":"1.0","provider_name":"BUOD","provider_url":"https:\/\/buod.de\/de","title":"Magyar Korona\u00f6r\u00f6k \u00e9s z\u00e1szl\u00f3szentel\u00e9s Kastlban - BUOD","type":"rich","width":600,"height":338,"html":"<blockquote class=\"wp-embedded-content\" data-secret=\"6bGDVWAcZH\"><a href=\"https:\/\/buod.de\/de\/magyar-koronaorok-es-zaszloszenteles-kastlban\/\">Magyar Korona\u00f6r\u00f6k \u00e9s z\u00e1szl\u00f3szentel\u00e9s Kastlban<\/a><\/blockquote><iframe sandbox=\"allow-scripts\" security=\"restricted\" src=\"https:\/\/buod.de\/de\/magyar-koronaorok-es-zaszloszenteles-kastlban\/embed\/#?secret=6bGDVWAcZH\" width=\"600\" height=\"338\" title=\"&#8220;Magyar Korona\u00f6r\u00f6k \u00e9s z\u00e1szl\u00f3szentel\u00e9s Kastlban&#8221; &#8212; BUOD\" data-secret=\"6bGDVWAcZH\" frameborder=\"0\" marginwidth=\"0\" marginheight=\"0\" scrolling=\"no\" class=\"wp-embedded-content\"><\/iframe><script type=\"text\/javascript\">\n\/* <![CDATA[ *\/\n\/*! This file is auto-generated *\/\n!function(d,l){\"use strict\";l.querySelector&&d.addEventListener&&\"undefined\"!=typeof URL&&(d.wp=d.wp||{},d.wp.receiveEmbedMessage||(d.wp.receiveEmbedMessage=function(e){var t=e.data;if((t||t.secret||t.message||t.value)&&!\/[^a-zA-Z0-9]\/.test(t.secret)){for(var s,r,n,a=l.querySelectorAll('iframe[data-secret=\"'+t.secret+'\"]'),o=l.querySelectorAll('blockquote[data-secret=\"'+t.secret+'\"]'),c=new RegExp(\"^https?:$\",\"i\"),i=0;i<o.length;i++)o[i].style.display=\"none\";for(i=0;i<a.length;i++)s=a[i],e.source===s.contentWindow&&(s.removeAttribute(\"style\"),\"height\"===t.message?(1e3<(r=parseInt(t.value,10))?r=1e3:~~r<200&&(r=200),s.height=r):\"link\"===t.message&&(r=new URL(s.getAttribute(\"src\")),n=new URL(t.value),c.test(n.protocol))&&n.host===r.host&&l.activeElement===s&&(d.top.location.href=t.value))}},d.addEventListener(\"message\",d.wp.receiveEmbedMessage,!1),l.addEventListener(\"DOMContentLoaded\",function(){for(var e,t,s=l.querySelectorAll(\"iframe.wp-embedded-content\"),r=0;r<s.length;r++)(t=(e=s[r]).getAttribute(\"data-secret\"))||(t=Math.random().toString(36).substring(2,12),e.src+=\"#?secret=\"+t,e.setAttribute(\"data-secret\",t)),e.contentWindow.postMessage({message:\"ready\",secret:t},\"*\")},!1)))}(window,document);\n\/\/# sourceURL=https:\/\/buod.de\/wp-includes\/js\/wp-embed.min.js\n\/* ]]> *\/\n<\/script>","thumbnail_url":"https:\/\/buod.de\/wp-content\/uploads\/2023\/06\/Plakt_1_2.jpg","thumbnail_width":1400,"thumbnail_height":1000,"description":"Kedves K\u00f6z\u00f6ss\u00e9g! Rendk\u00edv\u00fcli programra h\u00edvom fel a figyelmet. A T\u00f6rt\u00e9nelmi Vit\u00e9zi Rend N\u00e9metorsz\u00e1gi Alcsoportja z\u00e1szl\u00f3szentel\u00e9s tart 2023. j\u00fanius 17.-\u00e9n Kastl-ban. A szentel\u00e9sre a Magyar Korona\u00f6r\u00f6k elhozz\u00e1k a Szent Korona hiteles m\u00e1solat\u00e1t, ezzel is emelve az esem\u00e9ny k\u00fcl\u00f6nlegess\u00e9g\u00e9t. A Korona\u00f6r\u00f6k vezet\u00f6je, v. Voth Imre 17 \u00f3rakor el\u00f6ad\u00e1st tart a h\u00edres ARANYVONATr\u00f3l."}

Magyar Koronaörök és zászlószentelés Kastlban - BUOD

<blockquote class="wp-embedded-content" data-secret="6bGDVWAcZH"><a href="https://buod.de/de/magyar-koronaorok-es-zaszloszenteles-kastlban/">Magyar Koronaörök és zászlószentelés Kastlban</a></blockquote><iframe sandbox="allow-scripts" security="restricted" src="https://buod.de/de/magyar-koronaorok-es-zaszloszenteles-kastlban/embed/#?secret=6bGDVWAcZH" width="600" height="338" title="&#8220;Magyar Koronaörök és zászlószentelés Kastlban&#8221; &#8212; BUOD" data-secret="6bGDVWAcZH" frameborder="0" marginwidth="0" marginheight="0" scrolling="no" class="wp-embedded-content"></iframe><script type="text/javascript">
/* <![CDATA[ */
/*! This file is auto-generated */
!function(d,l){"use strict";l.querySelector&&d.addEventListener&&"undefined"!=typeof URL&&(d.wp=d.wp||{},d.wp.receiveEmbedMessage||(d.wp.receiveEmbedMessage=function(e){var t=e.data;if((t||t.secret||t.message||t.value)&&!/[^a-zA-Z0-9]/.test(t.secret)){for(var s,r,n,a=l.querySelectorAll('iframe[data-secret="'+t.secret+'"]'),o=l.querySelectorAll('blockquote[data-secret="'+t.secret+'"]'),c=new RegExp("^https?:$","i"),i=0;i<o.length;i++)o[i].style.display="none";for(i=0;i<a.length;i++)s=a[i],e.source===s.contentWindow&&(s.removeAttribute("style"),"height"===t.message?(1e3<(r=parseInt(t.value,10))?r=1e3:~~r<200&&(r=200),s.height=r):"link"===t.message&&(r=new URL(s.getAttribute("src")),n=new URL(t.value),c.test(n.protocol))&&n.host===r.host&&l.activeElement===s&&(d.top.location.href=t.value))}},d.addEventListener("message",d.wp.receiveEmbedMessage,!1),l.addEventListener("DOMContentLoaded",function(){for(var e,t,s=l.querySelectorAll("iframe.wp-embedded-content"),r=0;r<s.length;r++)(t=(e=s[r]).getAttribute("data-secret"))||(t=Math.random().toString(36).substring(2,12),e.src+="#?secret="+t,e.setAttribute("data-secret",t)),e.contentWindow.postMessage({message:"ready",secret:t},"*")},!1)))}(window,document);
//# sourceURL=https://buod.de/wp-includes/js/wp-embed.min.js
/* ]]> */
</script>

Kedves Közösség! Rendkívüli programra hívom fel a figyelmet. A Történelmi Vitézi Rend Németországi Alcsoportja zászlószentelés tart 2023. június 17.-én Kastl-ban. A szentelésre a Magyar Koronaörök elhozzák a Szent Korona hiteles másolatát, ezzel is emelve az esemény különlegességét. A Koronaörök vezetöje, v. Voth Imre 17 órakor elöadást tart a híres ARANYVONATról.
